
False
Does 377 divide 1314244?
False
Does 213 divide 818506?
False
Is 1117 a factor of 15000193?
True
Does 11 divide 2096866?
False
Does 43 divide 367899?
False
Is 18 a factor of 1669948?
False
Is 659975 a multiple of 21?
False
Is 20 a factor of 60320?
True
Is 84096 a multiple of 387?
False
Is 14 a factor of 550494?
True
Is 357136 a multiple of 202?
True
Is 379 a factor of 246680?
False
Does 65 divide 1863745?
True
Does 21 divide 803961?
False
Does 17 divide 120445?
True
Is 20 a factor of 4503874?
False
Is 101235 a multiple of 137?
False
Is 3541 a multiple of 101?
False
Does 22 divide 13464?
True
Does 26 divide 445432?
True
Is 104986 a multiple of 436?
False
Is 11 a factor of 960139?
False
Is 1991580 a multiple of 95?
True
Is 1236565 a multiple of 101?
False
Is 3502760 a multiple of 42?
False
Does 23 divide 459187?
False
Does 8 divide 677?
False
Is 283 a factor of 189419?
False
Does 5 divide 199829?
False
Does 107 divide 75756?
True
Does 586 divide 7602207?
False
Is 32 a factor of 1370028?
False
Is 19 a factor of 881087?
True
Does 485 divide 2247005?
True
Is 305 a factor of 1796478?
False
Does 14 divide 33041172?
False
Does 37 divide 611573?
True
Is 3294661 a multiple of 1103?
True
Is 3844839 a multiple of 322?
False
Is 28 a factor of 8404271?
False
Does 58 divide 435682?
False
Is 167895 a multiple of 273?
True
Is 154 a factor of 27393066?
False
Is 1176760 a multiple of 20?
True
Is 4 a factor of 943512?
True
Does 19 divide 152760?
True
Does 26 divide 116714?
True
Is 86 a factor of 4102200?
True
Does 559 divide 12755262?
True
Does 6 divide 1506746?
False
Is 103545 a multiple of 39?
True
Is 2333835 a multiple of 93?
True
Is 41 a factor of 32718?
True
Does 231 divide 63063?
True
Is 30 a factor of 242224?
False
Is 2368 a multiple of 5?
False
Is 1448844 a multiple of 83?
False
Does 414 divide 269100?
True
Does 1661 divide 8907397?
False
Is 65 a factor of 10931933?
False
Is 6 a factor of 242712?
True
Is 1675362 a multiple of 78?
True
Is 3661640 a multiple of 55?
False
Is 22 a factor of 334226?
False
Is 14 a factor of 2281804?
True
Is 73836 a multiple of 36?
True
Is 258 a factor of 777665?
False
Is 370172 a multiple of 22?
True
Is 25 a factor of 735775?
True
Is 105150 a multiple of 75?
True
Is 706185 a multiple of 77?
False
Does 52 divide 50652?
False
Is 82 a factor of 193192?
True
Is 5138310 a multiple of 1770?
True
Does 244 divide 530700?
True
Is 155362 a multiple of 11?
False
Is 618310 a multiple of 110?
True
Does 31 divide 586609?
False
Is 99518 a multiple of 34?
True
Is 28 a multiple of 7?
True
Does 205 divide 240055?
True
Is 12 a factor of 58824?
True
Does 40 divide 5851699?
False
Does 46 divide 1004410?
True
Does 75 divide 87114?
False
Does 8 divide 58032?
True
Is 361 a factor of 177361?
False
Does 16 divide 624134?
False
Does 14 divide 47880?
True
Is 633938 a multiple of 10?
False
Does 39 divide 1245894?
True
Does 49 divide 810554?
False
Does 14 divide 2032828?
True
Is 65 a factor of 102436?
False
Is 227604 a multiple of 78?
True
Does 557 divide 1342980?
False
Does 323 divide 3886982?
True
Does 3 divide 55926?
True
Is 18 a factor of 511065?
False
Is 1751640 a multiple of 841?
False
Is 6196764 a multiple of 6?
True
Is 48939 a multiple of 73?
False
Does 16 divide 11777?
False
Does 49 divide 171353?
True
Is 86 a factor of 7998?
True
Is 45037 a multiple of 29?
True
Is 13 a factor of 358396?
False
Is 17204 a multiple of 22?
True
Is 50365 a multiple of 35?
True
Is 193446 a multiple of 463?
False
Is 55 a factor of 1509938?
False
Is 455 a factor of 10578295?
True
Does 139 divide 4215326?
False
Is 109 a factor of 335720?
True
Is 1162 a factor of 3938435?
False
Is 221 a factor of 377247?
True
Does 414 divide 19305?
False
Is 95 a factor of 16408?
False
Does 20 divide 720999?
False
Is 5690850 a multiple of 5?
True
Is 284346 a multiple of 7?
False
Is 650584 a multiple of 88?
True
Is 1228682 a multiple of 151?
False
Is 198166 a multiple of 17?
False
Does 2 divide 49688?
True
Is 21 a factor of 2024599?
False
Is 3362155 a multiple of 21?
False
Is 1468101 a multiple of 14?
False
Is 15 a factor of 1529676?
False
Does 6 divide 24186?
True
Is 49 a factor of 21256543?
True
Does 79 divide 10074736?
False
Is 4 a factor of 753610?
False
Is 9413732 a multiple of 43?
True
Is 116 a factor of 687996?
True
Is 298344 a multiple of 93?
True
Is 141 a factor of 95598?
True
Does 24 divide 1611024?
True
Is 119999 a multiple of 11?
True
Is 70 a factor of 2036734?
False
Is 4 a factor of 5782023?
False
Is 639760 a multiple of 440?
True
Does 62 divide 403186?
True
Is 14 a factor of 6199391?
False
Does 9 divide 13112672?
False
Is 3 a factor of 4527216?
True
Is 35032 a multiple of 101?
False
Is 35820 a multiple of 18?
True
Is 112172 a multiple of 29?
True
Does 738 divide 265001?
False
Does 18 divide 1190019?
False
Is 10 a factor of 221620?
True
Does 480 divide 1036800?
True
Is 332 a factor of 4838482?
False
Is 91 a factor of 454510?
False
Does 179 divide 5140818?
False
Is 84 a factor of 1587180?
True
Does 56 divide 19376?
True
Is 27 a factor of 257884?
False
Is 196390 a multiple of 10?
True
Is 160 a factor of 252428?
False
Does 7 divide 15345?
False
Is 7 a factor of 10630?
False
Is 1555070 a multiple of 737?
True
Does 8 divide 288?
True
Is 4 a factor of 7616?
True
Is 13204136 a multiple of 227?
True
Is 116 a factor of 774648?
True
Is 3 a factor of 38188?
False
Does 39 divide 182949?
True
Does 137 divide 367035?
False
Is 963 a factor of 831069?
True
Is 62640 a multiple of 40?
True
Does 471 divide 3549456?
True
Does 409 divide 452022?
False
Is 51956 a multiple of 303?
False
Does 537 divide 3672006?
True
Is 223993 a multiple of 37?
False
Is 11081550 a multiple of 51?
False
Is 3145278 a multiple of 875?
False
Is 1970739 a multiple of 9?
True
Is 232 a factor of 479080?
True
Is 54 a factor of 1325538?
True
Is 18872 a multiple of 7?
True
Is 26 a factor of 1268826?
True
Is 24 a factor of 168744?
True
Does 1200 divide 8547066?
False
Is 58 a factor of 154491?
False
Is 4220762 a multiple of 91?
True
Is 4001263 a multiple of 43?
False
Is 4 a factor of 4000?
True
Is 151704 a multiple of 137?
False
Does 14 divide 98322?
True
Does 16 divide 1884108?
False
Is 55501 a multiple of 60?
False
Is 9 a factor of 1111916?
False
Is 17 a factor of 77180?
True
Does 33 divide 188265?
True
Does 32 divide 84352?
True
Does 230 divide 410928?
False
Is 46 a factor of 1369608?
False
Is 10 a factor of 291430?
True
Is 4 a factor of 9076?
True
Is 5 a factor of 715295?
True
Is 500685 a multiple of 11?
False
Is 21 a factor of 9114189?
True
Does 9 divide 1604231?
False
Is 21 a factor of 1789595?
False
Is 2352975 a multiple of 3?
True
Is 22 a factor of 576158?
True
Is 22 a factor of 548356?
False
Is 130 a factor of 118269?
False
Is 52643 a multiple of 27?
False
Is 132588 a multiple of 127?
True
Is 73 a factor of 2066411?
True
Is 1160 a factor of 3797275?
False
Is 35 a factor of 2500954?
False
Is 5558335 a multiple of 15?
False
Is 20 a factor of 847400?
True
Is 23 a factor of 893458?
True
Is 27 a factor of 451926?
True
Is 285 a factor of 4239660?
True
Is 9 a factor of 321415?
False
Does 28 divide 4673166?
False
Is 6773439 a multiple of 739?
False
Is 3930264 a multiple of 557?
False
Does 5 divide 229303?
False
Is 73 a factor of 6425825?
True
Does 21 divide 470552?
False
Does 36 divide 2494775?
False
Is 69455 a multiple of 43?
False
Is 160 a factor of 28958720?
True
Does 34 divide 55726?
True
Does 13 divide 88310?
False
Does 26 divide 756912?
True
Is 9 a factor of 232884?
True
Is 913507 a multiple of 3?
False
Is 4 a factor of 175180?
True
Is 78443 a multiple of 251?
False
Does 10 divide 909492?
False
Does 231 divide 458997?
True
Is 114730 a multiple of 35?
True
Does 358 divide 3615212?
False
Does 17 divide 4561732?
False
Is 34 a factor of 373048?
True
Does 112 divide 237883?
False
Is 83632 a multiple of 4?
True
Is 429 a factor of 54483?
True
Is 110930 a multiple of 10?
True
Is 4252133 a multiple of 823?
False
Is 51456 a multiple of 24?
True
Does 9 divide 30058?
False
Is 329 a factor of 150682?
True
Does 188 divide 4778960?
True
Is 418508 a multiple of 911?
False
Does 357 divide 1311618?
True
Is 317 a factor of 763336?
True
Does 19 divide 335619?
False
Is 443 a factor of 3133560?
False
Is 4785169 a multiple of 779?
False